et n(m) = 6*m. Let j = -30 - -31. Give n(j).
6
Let t be (-3)/(-6*3/24). Let m(n) = n + 2. Give m(t).
6
Let m(u) = 2*u**2 + 6*u. Suppose -28 = 2*h - 4*d, -2*d - 9 = -4*h - 7*d. Determine m(h).
8
Suppose 5 = -4*b + 2*f - 9, 0 = b + 5*f - 24. Let i(a) = -4*a. Let c be i(b). Let q(v) = -2*v - 3. Calculate q(c).
-11
Let j(c) = c**3 - c**2 - 1. Let x(b) = 6*b**3 - 9*b**2 + 2*b - 5. Let y(k) = -5*j(k) + x(k). Let d(u) = -u**2 + 10*u + 2. Let v be d(10). What is y(v)?
-4
Let j(o) = -o**2 - 8*o - 10. Let b = -64 + 60. What is j(b)?
6
Suppose 0 = 2*p - 2, 5*b + 4*p - 24 = b. Let j(a) = -a. Let v be j(b). Let f(n) = -2 - 5*n**3 - 4*n**2 + 4*n**3 - 5*n - 2*n**2. What is f(v)?
-2
Let a(p) = 49*p - p**2 - 1 + 49*p - 101*p + p**3. What is a(-2)?
-7
Let k(r) = -3*r**3 - 2*r**2 + r - 2. Suppose 7*q + 6 + 8 = 0. What is k(q)?
12
Let q = -5 - -6. Let y(o) = -4 + o**2 + o + 2 - 4*o - q. Calculate y(3).
-3
Let b(z) = -z**3 + 11*z**2 + 13*z - 18. Let g be b(12). Let x(s) = -6*s**2 + 14*s + 1. Let u(c) = -c**2 + 3*c. Let a(t) = 11*u(t) - 2*x(t). What is a(g)?
4
Suppose 3*g = -2*b - 13, b - 6 = 2*g + 5. Suppose -3*z = -4 + b. Let s(j) = -j + 3. Let a(o) = 1. Let d(n) = 2*a(n) - s(n). Calculate d(z).
0
Let v(u) = -u**3 - 6*u**2 + 2*u + 8. Suppose 32 = 3*z + 2*n, -4*z + 4*n + 48 = -2*z. Let s = z - 20. Give v(s).
-4
Let q = -3 - -6. Let t(y) be the first derivative of -2*y**2 - 1/3*y**3 + 2 - q*y. Determine t(-3).
0
Let l(i) = 4*i + 7. Let s(a) = 3*a - 20. Let b be s(5). Determine l(b).
-13
Let o(x) = 7 + 1 + x**2 - 1287*x + 1281*x. Give o(7).
15
Let a(h) = 11*h**3 + h**2 + 2*h + 1. Suppose 2*w + 14 = -3*y, -4*w + 4*y + 12 = -0*y. What is a(w)?
-11
Let v(a) be the first derivative of a**4/4 + 4*a**3/3 - 3*a**2/2 + 5*a + 6. Give v(-5).
-5
Suppose 5*r = l - 8 - 5, -4*r - 3*l = 18. Let o be 3*r/9 + 6. Let k(n) = -n**3 + 6*n**2 - 2*n. Determine k(o).
15
Let q(f) = -f**2 + 8*f - 5. Suppose 2*h = -h + 3. Let s be 7 - (-8)/(-5 + h). Calculate q(s).
10
Let x(a) = a**3 + 5*a**2 + 4*a + 6. Let h = -1 + 0. Let d be h/1*24/(-2). Suppose o - 3*r + d = -5*r, 3*o - 3*r = 0. Determine x(o).
6
Let v = 0 + 3. Suppose -2*f - 5*q = 3 - 0, 2*q = 2*f - 4. Let w(a) = 2*a - v + f + 8. Give w(-5).
-4
Let o(i) be the third derivative of i**5/60 - 5*i**4/24 + 2*i**3/3 + 3*i**2 + 3. Give o(4).
0
Suppose 22*c - 19*c = 9. Let j(m) = m**2 - 3*m + 4. Let p be j(6). Let x be p/4 + c/(-6). Let w(o) = -o**3 + 6*o**2 - 6*o - 4. Determine w(x).
-9
Suppose 0 = 4*m - 1 - 7. Let l(n) = 3*n + n**3 - 2*n - 2*n**2 + 7*n**m - 1. Calculate l(-5).
-6
Let v(w) = -42*w + 11*w + 11*w + 19*w - 11. Determine v(-8).
-3
Let b(t) be the second derivative of -t**6/120 - t**5/60 - t**4/24 - 2*t**2 + 8*t. Let o(d) be the first derivative of b(d). Calculate o(-2).
6
Let d(r) = -3*r**3 - r**3 - 3*r**2 + 5*r**3. Let t be d(3). Let z(l) be the second derivative of -l**5/20 - l**4/12 - l**3/6 - 3*l**2/2 - 7*l. What is z(t)?
-3
Let b(u) = u. Let i be b(2). Let p(j) = j - i*j + 1 - 2. Let g be 4/(-6)*(-45)/6. What is p(g)?
-6
Let o(j) = 2 + j**3 + 4*j**2 - 2 + 2*j + 0*j. Let v(i) = i**2 + 8*i + 8. Let b be (18/15)/(1/(-5)). Let x be v(b). What is o(x)?
-8
Suppose 4*z - 2*y - y - 10 = 0, -3*z + 16 = 2*y. Let l(v) be the first derivative of 1/3*v**3 - 7*v + 1/2*v**2 + 2 - 1/4*v**z. What is l(0)?
-7
Let h = -8 + 1. Let z be 4/22 + 108/11. Let t = h + z. Let u(m) = m. Determine u(t).
3
Let g(h) be the third derivative of h**8/20160 - h**7/630 + h**6/240 + h**5/10 + 3*h**2. Let t(b) be the third derivative of g(b). What is t(8)?
3
Let x(z) be the first derivative of -z**4/4 + 7*z**3/3 + 7*z**2/2 + 3*z - 7. Give x(8).
-5
Let r(b) = -2*b**2 - 5*b + 3. Let a(x) be the second derivative of -x**4/12 - x**3/2 + x**2 + 7*x. Let m(q) = 5*a(q) - 2*r(q). What is m(-6)?
-2
Let q(p) = -3*p**2 - p + 1. Let d(c) = -c + 1. Suppose -1 + 6 = 5*i. Let r(h) = i*q(h) - 4*d(h). Let x be 0 - 1 - (-1 - 2). What is r(x)?
-9
Let s(u) = -13 + 43*u**2 + u**3 + 2 - 44*u**2 + 2. Determine s(0).
-9
Let i(d) = d**2 - 4*d + 5. Let b be i(4). Suppose -b*j + 4*c + 13 = 0, -j + 5*c = -3*j + 25. Let n(t) = 2*t**2 + 6 - t**2 - 2*t - 4*t. Give n(j).
1
Let x(p) = -p**3 + 5*p**2 - 4*p - 5. Let j(h) = -4*h**3 - h - 1. Let r = 2 - 3. Let u be j(r). Suppose -d + 8 = 2*z - 4, 0 = -2*z - u*d + 24. Calculate x(z).
-5
Let g = 2 - -5. Let u(f) = -7 - f + g. Let m(i) = -2*i**2 - 1. Let s be m(1). What is u(s)?
3
Let f(a) = a - 10. Let b(w) = w - 11. Let l(i) = -4*b(i) + 3*f(i). Let k be l(11). Let x(s) = -4*s**2 + s**2 + 7*s**2 + k + 1 + s**3 - 5*s. Determine x(-5).
4
Let q(h) = 2*h + 2. Let j be 1/(-1 - 0)*10. Let g be -10*(4/j + 0). Suppose -g*r = -i + 4, 4*i + r + 20 - 2 = 0. Give q(i).
-6
Let d be -3*(2 + -26 - -1). Suppose 3*t = -3*f - 147, f + d = -0*f - 5*t. Let o be f/(-36) + 2/(-9). Let n(m) = -2*m - 1. Determine n(o).
-3
Let i(c) = c**2 + 3*c - 6. Let r be i(-5). Let n be r + -6 + 2*3. Suppose -h - 8 = -4*h + w, -3*w + 15 = n*h. Let p(b) = b**3 - 4*b**2 + 4. Give p(h).
-5
Suppose 3*b = w - b - 6, 0 = 5*w + b - 9. Let j(m) = -4*m**2 - 2 + 2*m**3 + 2*m**2 + 4*m + 0*m**3 - m**3. What is j(w)?
6
Suppose l + 0*l = 3. Let i(k) = 5*k**3 - 5*k**2 - 8. Let m = 4 + -15. Let x(v) = -14*v**3 + 15*v**2 - v + 23. Let z(a) = m*i(a) - 4*x(a). Give z(l).
-10
Let s(y) = 3*y**2 - 13*y - 3. Let h(b) be the second derivative of b**4/12 - b**3 - b**2/2 + 2*b. Let v(j) = 5*h(j) - 2*s(j). Let n = -9 - -7. Calculate v(n).
5
Let s(q) = -q**2 + 2*q - 1. Let f = -12 + 12. Suppose f*p + 4 = p. Determine s(p).
-9
Let k(o) = o**2 + o. Let u(a) = -3*a - 6*a**2 - 3*a**3 - 1 + 5*a - 8*a. Let x(d) = -4*k(d) - u(d). What is x(-1)?
-2
Let i(t) = -t**3 + 5*t**2 - 7*t + 6. Let x(p) = -p**2 + 8*p + 4. Let l = -12 - -20. Let s be x(l). What is i(s)?
-6
Suppose 3*t = -2*a + 7, -16 = -3*t + 5*a - 2. Suppose 2 = t*s - 5*s. Let l(m) = 2 + 1 - 3 + 2573*m - 2574*m - 9*m**2. Give l(s).
-8
Suppose 0 = -x - 5*y - 18, x + 2 = -y - 0*y. Let c be (-2)/(-6)*x*3. Let k be (-13)/c - 3/(-6). Let f(n) = -n**2 - 5*n + 4. What is f(k)?
-2
Let g(s) be the second derivative of s**3/6 - s**2/2 - 2*s. Let a be 3/(1 + 1/(-4)). Let n be ((-10)/a)/(3/(-6)). Calculate g(n).
4
Let g = 38 + -13. Suppose -v = -6*v - g. Let h(p) be the third derivative of -p**5/60 - p**4/8 + 5*p**3/6 - 2*p**2. What is h(v)?
-5
Let x(y) be the second derivative of -1/2*y**2 + 2/3*y**3 - 2*y + 0 - 1/12*y**4. Determine x(3).
2
Let i(q) = q**2 + 6*q - 11. Let d(t) = -t**3 - 8*t**2 + 10*t + 1. Let x be d(-9). Calculate i(x).
5
Let b(k) = 2*k**3 - 36*k**2 + 35*k - 18. Let a be b(17). Suppose 0*s + 5*s - 15 = 0. Let n(o) = -o**3 - o - 2*o**2 + 5*o**s + o**3. Calculate n(a).
-6
Let i(f) be the third derivative of -f**6/360 + f**5/120 + 7*f**4/24 - f**3/6 + 5*f**2. Let k(x) be the first derivative of i(x). Calculate k(0).
7
Suppose -4 - 36 = -4*j. Suppose -3*l - 17 = -z, 0 = 5*l - j + 25. Let q = -5 + z. Let c(m) = -m**3 + 2*m**2 + 2*m - 2. What is c(q)?
-5
Let j(t) = 0*t**3 + 48*t**2 - 58*t**2 + 5 - t**3. Let d be j(-10). Let r(m) = -2*m + 2. Calculate r(d).
-8
Let o(n) = n**2 - 6*n. Let x be o(6). Let p(l) be the first derivative of l**4/4 + l**3/3 - 7*l - 1. Calculate p(x).
-7
Let d be 27/(-18)*(-28)/6. Let s(v) = v**2 - 6*v - 5. Let l be s(d). Let o(a) = -l*a + 6 - 2*a + 3*a. Give o(-5).
11
Let u(x) = 4 + x**2 + 3*x + 2*x + x**2. Let z be (3 + 0)*(0 + 1). Let b = z + -6. Determine u(b).
7
Suppose 0 = y - 0*y. Let h(l) = 2 + 2*l**2 - l**2 + 6*l + y*l**2. Calculate h(-4).
-6
Let q(p) = p**2 - 5*p + 4. Let w be (-7)/((-14)/12) + -1. Calculate q(w).
4
Suppose -10*c + 9 = -1. Let s(w) = w**3 + w**2 - w. Give s(c).
1
Suppose -g = 1 + 3. Let c(l) = l + 3. Give c(g).
-1
Let h(x) = -5*x + 1. Let p(n) = -25*n + 6. Let g(k) = -4*k + 1. Let l(q) = -34*g(q) + 6*p(q). Let d(r) = -11*h(r) + 4*l(r). Give d(3).
-6
Let l(u) = 4*u - 2. Suppose -3*w + 0*b + b = 4, -22 = -w + 5*b. Give l(w).
-14
Let r(y) = 2*y - 1. Suppose -4*n + 6 = -2*n. Suppose n*j = -0*j. Suppose 0*f - 2*f + 5*g + 4 = j, 5*g = 4*f - 8. What is r(f)?
3
Let l(b) = b**3 + b**2 - 3*b - 1. Suppose 4*s - 2*s + 3*x = 6, 4*s = 5*x - 32. Calculate l(s).
-10
Let a(i) be the third derivative of -i**8/20160 - i**7/1008 + i**6/90 + i**5/30 + 6*i**2. Let g(f) be the third derivative of a(f). Give g(-6).
2
Let f(h) = -h**3 + 5